 1 + 6. Suppose -j + u = 2*h, 3*h + 5*j = 2*h - 13. Suppose 0 = h*s + 8, 5*o - 2*o + 3*s - 51 = 0. Is o composite?
True
Let x(y) = 5*y**2 - 4. Let z be x(-2). Let u = -13 + z. Suppose -u*q = -618 - 177. Is q prime?
False
Is (-1 - -2)*(-1)/((-3)/5169) a composite number?
False
Is (-4)/(-18) - (149975/(-45) + -4) a composite number?
True
Suppose -4*s + 744 = l - 5*l, -2*s + 5*l + 363 = 0. Let o = 401 - s. Suppose 0*y - o = -2*y. Is y a composite number?
True
Let j = -152 + 482. Suppose -2*u - 2*s + j = 0, 6*s - 171 = -u + 3*s. Let k = u - -49. Is k a composite number?
False
Let s be (-2)/(((-11319)/11322 - -1)/1). Let x = -4411 - s. Is x a composite number?
False
Suppose 0 = 2*s + 19 + 7. Let f = s + 15. Let a(n) = 11*n - 3. Is a(f) composite?
False
Let j = -8 - 0. Is 4 + j + 2 + 213 a prime number?
True
Suppose -4*q + 29 = -5*t, -q - 2*q = -4*t - 24. Let y = 54 - 31. Is (y/(-4))/(t/180) prime?
False
Suppose -234 - 148 = -2*m. Let o(b) = -28*b. Let v be o(4). Let r = v + m. Is r a prime number?
True
Let y(l) = 4*l**2 + 3*l + 17. Is y(-9) a composite number?
True
Let l(i) = -i**2 - 16*i + 19. Let z be l(-15). Let g = 453 - z. Is g composite?
False
Is -8098*-3*(-6)/(-36) a prime number?
True
Suppose 5*s = -29 - 41. Let c = s - -14. Suppose -4*a + 44 + 0 = c. Is a composite?
False
Suppose 3*z - 6*z = -36. Let r(g) = 57*g + 29. Is r(z) composite?
True
Let j be (-2*5218/8)/(1/(-12)). Suppose 4*q + 2*q = j. Is q a prime number?
True
Let o(m) be the third derivative of -m**6/120 + m**5/60 + 709*m**3/6 + 13*m**2. Is o(0) composite?
False
Let h(n) = 2824*n**3 + 3*n**2 - 6*n - 9. Is h(2) a prime number?
False
Let j(l) = -l**3 + 12*l**2 - 12*l - 3. Let q be j(10). Is 162 + ((-5)/7 - 22/q) composite?
True
Let l(u) = -92*u - 105. Is l(-31) a prime number?
False
Suppose -3*u - 224 = -l, u - 4*l + 71 = -0*u. Let i = 157 + u. Is i composite?
True
Let b(y) = 3*y**3 - 17*y**2 + 29*y - 37. Let f(u) = -u**3 + 8*u**2 - 14*u + 18. Let k(d) = -2*b(d) - 5*f(d). Is k(-13) a composite number?
True
Let k(a) = -22*a + 683. Is k(-27) a composite number?
False
Suppose -7*b = -5*b - 12. Suppose -2*t + h = 2*h - b, 5*t = h + 1. Suppose t + 1 = 2*a, 2*a + 28 = 3*u. Is u a prime number?
False
Let i(k) = k**3 + 8*k**2 + 6*k - 2. Let w be i(-7). Suppose 33 = 4*u + 5*a - 12, w*u + 5*a = 60. Is (-499)/(-2) - u/(-10) composite?
False
Suppose -5*l = -5*g + 322930, 0*l - 5*l + 64616 = g. Is g composite?
False
Let v be (-27*1)/(((-33)/576)/11). Suppose -2*j - 745 = -3*d + v, -5*j + 20 = 0. Is d prime?
True
Suppose 4 + 2 = 2*y. Suppose 2*u = y*m + 14, u - 3*u - 18 = 5*m. Is 2/m*-178*1 a prime number?
True
Let l(q) = -1. Let f(s) = -37*s - 9. Let r(t) = -f(t) + 5*l(t). Suppose -2 = 2*p + 3*k - 20, -2*k = 5*p - 23. Is r(p) composite?
True
Suppose -4*t + 3796 + 5041 = -5*r, t - r - 2208 = 0. Is t prime?
True
Let g(s) = -27*s - 8 - 4 - 4 + 9. Is g(-10) a composite number?
False
Suppose -14021 = 10*n - 35631. Is n composite?
False
Let r(h) = h**3 - h**2 - h + 155. Is r(0) prime?
False
Let t(l) be the third derivative of 21*l**6/4 - l**5/60 - l**4/12 + l**3/3 - 11*l**2. Is t(1) prime?
False
Let a = 6438 - -2005. Is a a prime number?
True
Let i = -7389 + 17158. Is i prime?
True
Let s = 53 + -4. Let l = s - -789. Is l composite?
True
Let t = 65 - 35. Suppose -z + t = -143. Suppose -4*d = -191 - z. Is d prime?
False
Suppose -2*x + 2*q + 26338 = 0, 6*q - 10*q + 13149 = x. Is x composite?
True
Let b(v) = 4*v. Let i be b(0). Let p be 12/3 + i + 309. Let k = -66 + p. Is k a prime number?
False
Suppose 0 = -19*b + 9*b + 4180. Let d = 1943 + b. Is d prime?
False
Let z = 6826 + -3923. Suppose 7*r - 2312 - z = 0. Is r a composite number?
True
Let v be ((-33)/(-55))/((-1)/(-5)). Suppose c + 325 + 377 = 2*n, v*n + 2*c - 1067 = 0. Is n a prime number?
True
Let u(x) = -1071*x - 70. Is u(-7) a prime number?
False
Let y be 1575 - (4/(-2) + -2). Suppose -196 = 3*d - y. Let m = d - 210. Is m composite?
False
Suppose -y + 3*o = -o - 128, 3*o - 384 = -3*y. Suppose s - y = 325. Is s prime?
False
Let q = -19 + 21. Let u(a) = 34 + 0*a**2 + 5*a + a**q - 35. Is u(4) composite?
True
Let k = -315 + 180. Let y = 56 - k. Is y prime?
True
Suppose -3*w + 2*m + 424 = 0, -5*w - m = 2*m - 694. Let q = w + 62. Is q composite?
True
Let f = -12 - -12. Suppose 14*q - 9*q + 25 = f. Is (-517)/(q + (4 - 0)) a prime number?
False
Let y(l) = -1 - 4*l**2 + l + 7 - l**3 - 4*l**2. Let p be y(-8). Is 78/(p + (5 - 1)) a composite number?
True
Let n = -31586 - -45287. Is n prime?
False
Suppose -4*f = 12, 0*t = -t - 4*f - 197. Let x = t + 291. Suppose 4*r + i = 6*r - 54, x = 4*r - i. Is r prime?
False
Suppose -31*b = -8*b - 98647. Is b composite?
False
Suppose 0 = -16*f + 11*f + 2*l + 12093, 2*f - l = 4838. Is f a prime number?
True
Suppose 0 = -55*j + 53*j + 8. Suppose f + 4772 = 4*u, -j*u + 1193 = -3*u + 2*f. Is u composite?
False
Suppose 4*k = 4, -3*k - 27 = j - 3*j. Is (2716/6 - -1)/(5/j) composite?
False
Let b(w) = 1912*w**3 + 1. Let x(r) = 7*r - 6. Let u be x(1). Is b(u) a composite number?
False
Suppose -5*k + 2*d + 271 - 56 = 0, 3*k - 5*d = 148. Suppose -140 = -3*f - k. Is f a prime number?
False
Suppose 13*h = 10*h + f + 115, 4*h - f = 152. Is h composite?
False
Suppose -4*p + 2*p + 31777 = r, 0 = 5*p + 4*r - 79441. Is p a prime number?
True
Suppose -5*n - 2*x + 6 = 0, 7*n - 8*n + 15 = 5*x. Suppose -10*r + 6122 + 4608 = n. Is r composite?
True
Let s(u) = 31*u**2 - 2. Let n be s(2). Suppose 0 = -5*h + 3*f + 323, 2*h - 4*h + 3*f + n = 0. Is h prime?
True
Suppose -2220 = -49*f + 48*f. Suppose -13*p + 132259 = f. Is p a prime number?
False
Let z(j) = -4*j**2 + 1403 - 2*j**2 + j**3 - 5*j - 1382 + 0*j**2. Is z(13) composite?
True
Let w(y) = 63*y**2 - 2 + 42*y**2 + 3*y + 145*y**2. Is w(1) composite?
False
Let p be 31 + 2 + 6/(-2). Let v be (20/p)/((-1)/(-3)). Is v + 0 + 209 + 0 prime?
True
Let p = 1552 + 2535. Is p a composite number?
True
Let y = 13494 - -6275. Is y prime?
False
Suppose 2*f - 14 = -4*i, f = i - 2 - 0. Let c = -3 + 6. Is (92 - 1) + (c - f) a composite number?
True
Let n = 486 - -293. Is n composite?
True
Let v(l) = -l**3 - 21*l**2 + 18*l + 31. Is v(-22) prime?
False
Let w(d) = d**2 - 10*d - 7. Let q be w(10). Let l(x) = -23*x + 18. Is l(q) a prime number?
True
Suppose -4*z - 2*j - 10 = 0, 2*z = 7*z - 3*j + 18. Let a be z/(-2 - 10/(-8)). Suppose 0 = a*x - 5*v - 654, -v - v - 326 = -2*x. Is x composite?
True
Let n = 19240 + 5229. Is n a composite number?
False
Let x(g) = 7*g**2 - 13*g - 7. Let w(o) = o - 3. Suppose -4*q - q - 30 = 0. Let b be w(q). Is x(b) composite?
False
Suppose 3*v - 8 = -4*a - 4, 5*a = 2*v - 18. Suppose 181 = -v*s + 3153. Is s a composite number?
False
Let i(s) = -5 - 204*s + 1 + 5. Suppose 2*n - 7 + 15 = 3*l, 5*l = 10. Is i(n) a composite number?
True
Suppose -63*j = -62*j - 133161. Is 2/(-15) + j/45 composite?
True
Suppose m - 15 = -4*m. Suppose j - y + 0*y - 632 = 0, -1890 = -m*j - 3*y. Is j prime?
True
Is (97294/(-6))/((-25)/75) prime?
True
Is (-1)/(((-5)/10)/(3719/2)) a prime number?
True
Let d be 4/6*18/4. Suppose 490 = -d*b - 5*g, 0 = 4*b + g + 429 + 247. Let j = b - -299. Is j a prime number?
False
Suppose 0 = 9*f - 7*f - 24. Suppose f*q - 2290 + 70 = 0. Is q composite?
True
Is 1094000/240 - (-2)/3 prime?
False
Let d(k) = k**2 - 2 - 2 - 353*k + 361*k. Let r be d(-7). Let h = 464 + r. Is h a composite number?
True
Let c = -84 + 5497. Is c composite?
False
Let m = 70643 - 50422. Is m composite?
True
Suppose -2*u + u = 0. Let d(z) = 3*z + 141. Let a(y) = 2*y + 94. Let x(r) = -7*a(r) + 5*d(r). Is x(u) a composite number?
False
Suppose 4*q = 352 - 1000. Let t = 303 + q. Is t composite?
True
Let y be 2*(2 + (-3387)/(-2)). Suppose 0 = 5*f - 4*a - 6809, -2*a - 2055 - y = -4*f. Is f a composite number?
False
Suppose -4*n + 17 = 1. Suppose 6685 = 3*f + n*f. Is f a prime number?
False
Suppose 5*s = 3*u + 309, s + u + 2*u = 69. Suppose 64*n - 397 = s*n. Is n a composite number?
False
Is (-3)/(-1) + (-5)/(-1) + 3585 prime?
True
Let q be 0*-2*3/18. Let p(d) = 2*d + 10. Let l be p(q). Suppose -2*t - l = 0, 0 = z + t - 0*t - 548. Is z a composite number?
True
Let l(t) = t**3 - 4*t**2 + 7*t - 12. Let j be l(2). Let u = j - -41. Is u composite?
True
Let z = -2674 + 5613. Is z composite?
False
Let i = 7242 + 660